ed by h(2).
22
Suppose -29*i = -27*i - 10. Suppose 0 = -i*a - 3*a + 120. What is the remainder when 40 is divided by a?
10
Suppose -r - 3*l - 2*l = -94, 0 = 2*r + l - 152. Suppose -5*u - k + 7 = 3*k, -u + 4*k = -11. Let s = u - -16. What is the remainder when r is divided by s?
17
Let d = 28 - 46. Let a = d + 32. Calculate the remainder when (a + -6)*(0 - -1) is divided by 6.
2
Suppose 3*s - 202 - 374 = 0. Suppose m = -7*m + s. Let q = -87 - -132. Calculate the remainder when q is divided by m.
21
Suppose 84 = 3*q - 3*k, q - 5*k - 15 + 3 = 0. Let f = q - 3. Calculate the remainder when f is divided by 5.
4
Let p(v) = 79*v**2 + 33*v - 34. What is the remainder when 280 is divided by p(1)?
46
Let z = 19 + -1. Calculate the remainder when 9548/279 + 4/(-18) is divided by z.
16
Let w be (1720/30)/(4/6). Suppose -6 = -4*o - s + 70, -5*o + s = -w. What is the remainder when 33 is divided by o?
15
Let k = 306 - 222. What is the remainder when k is divided by 22?
18
Let t = -10 - -24. Let h be (-3)/12 + (-861)/28. What is the remainder when t is divided by 4/16 + h/(-4)?
6
Suppose 4*l + 8 = -0*n - 2*n, 2*n = -2*l - 2. Let u = 29 - 33. Let p = u + 6. What is the remainder when p is divided by n?
0
Suppose h = r - 1 + 8, -5*h - 3*r + 3 = 0. Let g(k) = k**2 + k - 1. What is the remainder when 27 is divided by g(h)?
5
Let u(f) = 3*f**2 + f**3 - 1 - 31*f + 24*f + f**2. Let l be u(-5). Calculate the remainder when (-3)/((-18)/10)*l is divided by 6.
3
Suppose -2 = -2*o + 8, 2*q = o + 25. Let i(y) be the first derivative of 23*y**2 - 4*y + 3. What is the remainder when i(1) is divided by q?
12
Let d be (-4 - -1 - -6) + -1. Suppose -2*p + 3*i + 12 = 0, -5*p - d*i + 4*i = -8. Calculate the remainder when 37 is divided by (-20)/(-10)*(p + 5).
7
Let v be 154/44 + 1/(-2). Suppose 0 = 3*m + k - 12, -m + k + k = v. Suppose 3*h + 4*l - 22 = 0, 2*l + 1 = -m. What is the remainder when 37 is divided by h?
7
Let w(o) = 13*o - 187. Calculate the remainder when w(18) is divided by 1 - (-10 - (-2 - -1)).
7
Let i = -29 + 15. Let s = i + 72. Calculate the remainder when s is divided by 30.
28
Let s(y) = 3*y**2 - 22*y + 17. What is the remainder when (0 + 3)/((-2)/(-12)) is divided by s(7)?
8
Suppose -4*m + 0*m + 16 = 0. Let a be m*(2 + 5 + -2). What is the remainder when 61 is divided by (-1)/((a/124)/(-5))?
30
Let g = 812 + -797. Calculate the remainder when 42 is divided by g.
12
Let h = 2 + 97. Calculate the remainder when h is divided by 20.
19
Let u(t) = 26*t + 3. Suppose -2*c = -0 - 6. What is the remainder when u(c) is divided by 28?
25
Let a = -16 - -61. Suppose 5*s + a = 10*s. Suppose 0 = -3*k + 3*r + 81, -7*k - 2*r + 76 = -4*k. Calculate the remainder when k is divided by s.
8
Suppose 0*z = 2*z. Suppose 2*a + 0*a = -10, -2*m + a + 113 = z. What is the remainder when m is divided by 20?
14
Let q be 4 + (-3 - (-7 - -4)). Let i = 5 + q. Calculate the remainder when 33 is divided by i.
6
Let f(s) = -2*s**3 + s**2 - 3*s - 3. Let q be 2*-2*(-5)/4. Suppose q*v - 60 = -2*n - 3*n, -2*v + n + 27 = 0. Calculate the remainder when f(-2) is divided by v.
10
Suppose 119 = 3*p - 4*q - 9, 2*q + 42 = p. What is the remainder when p is divided by 11?
0
Suppose -4*i - 32 = -l + 4, -l = 5*i + 9. What is the remainder when 269 is divided by l?
13
Let b = -207 - -367. What is the remainder when b is divided by 55?
50
Calculate the remainder when (406/(-4))/(((-15)/(-10))/(-3)) is divided by 70.
63
Let g(p) be the second derivative of p**3/3 - 13*p**2/2 - 14*p. What is the remainder when 46 is divided by g(10)?
4
Suppose 20 = 4*u - 0*u. Suppose 0 = -0*y - u*y + 225. Calculate the remainder when y is divided by ((-2)/2)/(1/(-12)).
9
Let o(s) = -5*s**3 - 7*s**2 + 5*s + 7. What is the remainder when 268 is divided by o(-2)?
7
Let b = 14 - -19. Let w = b - 27. Suppose -w*x + 210 = -x. What is the remainder when x is divided by 16?
10
Suppose 688*k - 700*k + 1296 = 0. Calculate the remainder when k is divided by 41.
26
Suppose -4239 - 4131 = -90*o. Calculate the remainder when o is divided by 36.
21
Suppose -o - 4*b - 543 = -4*o, -3*b = 0. Suppose -119 = -t - 32. Let a = o - t. What is the remainder when a is divided by 24?
22
Let t(n) = n**3 + 6*n**2 + 8*n + 8. Let k be t(-6). Let y be k*(24/10)/(-3). Suppose 0 = 4*i + 4 - y. What is the remainder when 26 is divided by i?
5
Let c(y) = 4*y + 1. Let d be (-12 - -9) + 11/1. Suppose -d*w = -2*w - 24. What is the remainder when 48 is divided by c(w)?
14
Let g(w) be the third derivative of -59*w**4/24 + w**3/3 + w**2. What is the remainder when g(-1) is divided by 7?
5
Let y be (20/(-12) + 1)*3 + 4. Suppose -5*k + 25 = -y*b - 62, 2*k - 58 = -5*b. Calculate the remainder when k is divided by 7.
5
Let s be (-3)/42*-598 + (-4)/(-14). Suppose -41*u - 56 = -s*u. What is the remainder when u is divided by 9?
1
Suppose 0 = -3*c + 3 + 6. Suppose c*g - 320 = -2*g. Calculate the remainder when g is divided by 22.
20
Suppose 0 = -0*d + 5*d - 25. Suppose 5 = 13*i - 12*i. Suppose 0 = -i*z - 262 + 357. Calculate the remainder when z is divided by d.
4
Suppose t + 2*f = -4, 3*t + 5 = 3*f - 2*f. Let d = 131 - t. What is the remainder when d is divided by 27?
25
Suppose -240 = -18*s - 6*s. What is the remainder when 105 is divided by s?
5
Let f = 10 - -9. Suppose -3*l - 184 = -2*i, -4*i + 368 = 15*l - 12*l. What is the remainder when i is divided by f?
16
Suppose -4*b = b + 10. Calculate the remainder when 2 is divided by b/4*(-2 - 0/(-4)).
0
Let q = 12 - -11. Suppose m = -3*k - 9, 5*m + 5*k - 11 = 4*k. Suppose 2*s - 7*g - 190 = -m*g, -3*s + 279 = -4*g. Calculate the remainder when s is divided by q.
20
Let f(z) = -3*z + 17. Let q(g) = -g**3 - 20*g**2 + g + 12. Let k be q(-20). Calculate the remainder when 76 is divided by f(k).
35
Let p be 3 + (6 - 1) + 1 + -1. Let z(b) = 4*b + 4. Calculate the remainder when z(p) is divided by 8.
4
Suppose -2*m = -4*m + 8, -4*m - 104 = -4*i. Suppose -3*x - 5*k = 9 + 28, i = -5*x - 2*k. Let l = 10 - x. Calculate the remainder when 53 is divided by l.
11
Suppose -3*m - 12 - 15 = 0. Let t = -7 - m. Suppose t*i + i = 18. What is the remainder when 15 is divided by i?
3
Suppose 2*y + 4*m = y + 49, -4*y - m + 121 = 0. Calculate the remainder when 114 is divided by y.
27
Let d(b) = -b**2 + 6*b + 3. Let f be d(6). Suppose f*y - y = 22. What is the remainder when 3/(-6) - 63/(-2) is divided by y?
9
Let y(r) = r**2 - 16*r + 21. Let i be y(15). Let t(u) = 7*u + 4. What is the remainder when t(i) is divided by 12?
10
Let b(j) = -j + 16. Let d be b(8). Suppose 0 = o + 4 - d, z + 5*o = 50. Calculate the remainder when 59 is divided by z.
29
Suppose 0 = -0*a - a - 8*a. Suppose a = n + 4*u, n - 5*n = 2*u - 28. Let k(o) = 3*o**2 - o. What is the remainder when k(-2) is divided by n?
6
Let f = -502 - -596. What is the remainder when 289 is divided by f?
7
Let u = 345 - 281. Suppose 4*f = 2*f + 5*p + 46, 0 = -2*f + 3*p + 38. Calculate the remainder when u is divided by f.
12
Suppose -3*n - 3*v + 7*v = -37, -13 = -n + v. Let l(y) = y**3 + y**2 + y + 4. Calculate the remainder when (80/n)/(-8)*(-156)/8 is divided by l(0).
1
What is the remainder when 217 is divided by (12 + -28)*(-7)/2?
49
Let m = 19 + -9. Let t(s) = -3 - 12*s**2 + 7*s**2 + m*s + 7*s**2. What is the remainder when t(-9) is divided by 24?
21
Suppose 382 = 4*w + s, -4*w - 2*s - 484 = -9*w. Calculate the remainder when w is divided by 9.
6
Let c be (-6)/(-12) - (-222)/4. Suppose 5*p - 79 = c. Suppose 28 = -z + 3*z. Calculate the remainder when p is divided by z.
13
Calculate the remainder when -2*(357/(-14) + -5) is divided by 9.
7
Let y be ((-2)/(-4))/(2/4). Let b = y - -1. What is the remainder when 13 is divided by b/(-14) + 400/56?
6
Let o = -2 + 2. Suppose p = -o*p. Suppose -80 = -4*q + 5*n, p = 3*q + n - 0*n - 41. What is the remainder when 44 is divided by q?
14
Let l(z) = -z**2 + 7*z - 3. Suppose 0 = -2*p - 0*p + 40. Suppose 0*b - 4*b + 4*k = -88, 0 = -b + 2*k + p. Calculate the remainder when b is divided by l(4).
6
Suppose -4*b = 23*v - 22*v - 460, 8 = -2*v. What is the remainder when b is divided by 48?
20
Suppose -3*g - g + 3*z = -1252, g + 2*z - 324 = 0. Calculate the remainder when g is divided by 46.
40
Suppose -190 = -5*d - 2*g, -2*d + g + 0*g = -67. Let w = -27 + 